{"id":124,"date":"2019-06-11T12:09:13","date_gmt":"2019-06-11T12:09:13","guid":{"rendered":"https:\/\/themes.getmotopress.com\/luviana\/?post_type=mphb_room_type&#038;p=124"},"modified":"2024-08-17T10:46:15","modified_gmt":"2024-08-17T10:46:15","slug":"casa-joao-gago-da-camara","status":"publish","type":"mphb_room_type","link":"https:\/\/quintadofalcao.pt\/casa\/casa-joao-gago-da-camara\/","title":{"rendered":"Casa Jo\u00e3o Gago da C\u00e2mara"},"content":{"rendered":"\n<p class=\"has-drop-cap\">Casa de Campo (T2 &#8211; o 2\u00ba quarto \u00e9 em regime de <em>mezaninne <\/em>em espa\u00e7o tipo loft &#8216;open space&#8217;) completamente mobilada e decorada, incluindo, na sala, com sof\u00e1s, mesas e cadeiras de jantar, uma televis\u00e3o de ecr\u00e3 plano com canais por cabo na sala e uma 2\u00aa TV num dos quartos, uma cozinha totalmente equipada, com micro-ondas, um frigor\u00edfico, um forno, uma placa de indu\u00e7\u00e3o, m\u00e1quina de lavar loi\u00e7a, torradeira, uma m\u00e1quina de caf\u00e9, e jarro el\u00e9trico, ch\u00e1s e caf\u00e9s dispon\u00edveis, e conjuntos de lou\u00e7as e utens\u00edlios de cozinha, podendo os h\u00f3spedes preparar as suas pr\u00f3prias refei\u00e7\u00f5es na cozinha.<\/p>\n\n\n\n<p>Disp\u00f5e de casa de banho privativa com produtos de higiene pessoal,\u00a0secador de cabelo\u00a0e toalheiro el\u00e9trico. Acesso Wi-Fi gratuito e estacionamento privado gratuito. Tem entrada exclusiva e proporciona aos h\u00f3spedes um p\u00e1tio, vistas para\u00a0o jardim\u00a0e espa\u00e7o amplo para\u00a0circular e passear no contexto\u00a0tranquilo e sereno da Quinta, com vistas panor\u00e2micas de natureza excecionais.\u00a0<\/p>\n\n\n\n<p>A lota\u00e7\u00e3o da Casa \u00e9 de 4 pessoas e excecionalmente, sobretudo para crian\u00e7as, no m\u00e1ximo de 6 pessoas, utilizando o sof\u00e1 cama que tem um custo adicional de 25\u20ac\/noite.<\/p>\n\n\n\n<p>Casas equipadas com ar condicionado e redes mosquiteira.<\/p>\n\n\n\n<p>Dispomos de servi\u00e7o de lavandaria.<\/p>\n\n\n\n<p><strong>Nota:<\/strong> os pre\u00e7os variam de acordo com a \u00e9poca (Alta\/Baixa). <a href=\"https:\/\/quintadofalcao.pt\/termos-condicoes\/\" data-type=\"page\" data-id=\"317\"><strong>Consulte o tarif\u00e1rio AQUI<\/strong><\/a>.<\/p>\n\n\n\n<div class=\"wp-block-buttons\">\n<div class=\"wp-block-button\"><a class=\"wp-block-button__link\" href=\"https:\/\/www.booking.com\/hotel\/pt\/quinta-do-falcao.pt-pt.html\" target=\"_blank\" rel=\"noreferrer noopener\">reservar no booking<\/a><\/div>\n<\/div>\n","protected":false},"excerpt":{"rendered":"<p>2 Quartos \u2022 Cozinha \u2022 Sala de Estar \u2022 Casa de Banho Privativa<\/p>\n","protected":false},"featured_media":1107,"menu_order":0,"comment_status":"closed","ping_status":"closed","template":"","mphb_room_type_category":[36],"mphb_room_type_tag":[],"mphb_room_type_facility":[44,42,27,31,29,43,41,35,33,53,30,32],"_links":{"self":[{"href":"https:\/\/quintadofalcao.pt\/api\/wp\/v2\/mphb_room_type\/124"}],"collection":[{"href":"https:\/\/quintadofalcao.pt\/api\/wp\/v2\/mphb_room_type"}],"about":[{"href":"https:\/\/quintadofalcao.pt\/api\/wp\/v2\/types\/mphb_room_type"}],"replies":[{"embeddable":true,"href":"https:\/\/quintadofalcao.pt\/api\/wp\/v2\/comments?post=124"}],"wp:featuredmedia":[{"embeddable":true,"href":"https:\/\/quintadofalcao.pt\/api\/wp\/v2\/media\/1107"}],"wp:attachment":[{"href":"https:\/\/quintadofalcao.pt\/api\/wp\/v2\/media?parent=124"}],"wp:term":[{"taxonomy":"mphb_room_type_category","embeddable":true,"href":"https:\/\/quintadofalcao.pt\/api\/wp\/v2\/mphb_room_type_category?post=124"},{"taxonomy":"mphb_room_type_tag","embeddable":true,"href":"https:\/\/quintadofalcao.pt\/api\/wp\/v2\/mphb_room_type_tag?post=124"},{"taxonomy":"mphb_room_type_facility","embeddable":true,"href":"https:\/\/quintadofalcao.pt\/api\/wp\/v2\/mphb_room_type_facility?post=124"}],"curies":[{"name":"wp","href":"https:\/\/api.w.org\/{rel}","templated":true}]}}

Casa João Gago da Câmara

<p class="has-drop-cap">Casa de Campo (T2 &#8211; o 2º quarto é em regime de <em>mezaninne </em>em espaço tipo loft &#8216;open space&#8217;) completamente mobilada e decorada, incluindo, na sala, com sofás, mesas e cadeiras de jantar, uma televisão de ecrã plano com canais por cabo na sala e uma 2ª TV num dos quartos, uma cozinha totalmente equipada, com micro-ondas, um frigorífico, um forno, uma placa de indução, máquina de lavar loiça, torradeira, uma máquina de café, e jarro elétrico, chás e cafés disponíveis, e conjuntos de louças e utensílios de cozinha, podendo os hóspedes preparar as suas próprias refeições na cozinha.</p>



<p>Dispõe de casa de banho privativa com produtos de higiene pessoal, secador de cabelo e toalheiro elétrico. Acesso Wi-Fi gratuito e estacionamento privado gratuito. Tem entrada exclusiva e proporciona aos hóspedes um pátio, vistas para o jardim e espaço amplo para circular e passear no contexto tranquilo e sereno da Quinta, com vistas panorâmicas de natureza excecionais. </p>



<p>A lotação da Casa é de 4 pessoas e excecionalmente, sobretudo para crianças, no máximo de 6 pessoas, utilizando o sofá cama que tem um custo adicional de 25€/noite.</p>



<p>Casas equipadas com ar condicionado e redes mosquiteira.</p>



<p>Dispomos de serviço de lavandaria.</p>



<p><strong>Nota:</strong> os preços variam de acordo com a época (Alta/Baixa). <a href="https://quintadofalcao.pt/termos-condicoes/" data-type="page" data-id="317"><strong>Consulte o tarifário AQUI</strong></a>.</p>



<div class="wp-block-buttons">
<div class="wp-block-button"><a class="wp-block-button__link" href="https://www.booking.com/hotel/pt/quinta-do-falcao.pt-pt.html" target="_blank" rel="noreferrer noopener">reservar no booking</a></div>
</div>
